{"id":1170,"date":"2017-08-13T21:47:38","date_gmt":"2017-08-13T19:47:38","guid":{"rendered":"http:\/\/meditationmuenchen.ecommerce-trend.de\/?page_id=1170"},"modified":"2019-04-28T18:14:10","modified_gmt":"2019-04-28T16:14:10","slug":"sozialprojekte","status":"publish","type":"page","link":"https:\/\/sebastianmiga.de\/projekte\/meditationmuenchen\/ueber-uns\/sozialprojekte\/","title":{"rendered":"Sozialprojekte"},"content":{"rendered":"<div class=\"wpb-content-wrapper\"><p>[vc_row][vc_column][vc_column_text css=&#8220;.vc_custom_1555943141134{margin-top: 0px !important;margin-right: 4px !important;margin-bottom: 0px !important;margin-left: 4px !important;border-top-width: 4px !important;border-right-width: 4px !important;border-bottom-width: 4px !important;border-left-width: 4px !important;padding-top: 15px !important;padding-right: 10px !important;padding-bottom: 5px !important;padding-left: 10px !important;background-color: rgba(255,255,255,0.75) !important;*background-color: rgb(255,255,255) !important;border-left-color: #ffffff !important;border-left-style: ridge !important;border-right-color: #ffffff !important;border-right-style: ridge !important;border-top-color: #ffffff !important;border-top-style: ridge !important;border-bottom-color: #ffffff !important;border-bottom-style: ridge !important;border-radius: 5px !important;}&#8220;]<span style=\"font-size: 17px;\"><strong><span style=\"font-size: 34px;\">A<\/span>rm und Reich<br \/>\n<\/strong> Seit der Wandlung des Menschen zum Vollzeit-Konsumenten, hat der Raubbau an nat\u00fcrlichen Ressourcen und billiger menschlicher Arbeitskraft die schwelende Situation explosiv gemacht &#8211; das Generationen-Vers\u00e4umnis, die sich stetig weitende Kluft zwischen Arm und Reich wahrzunehmen. Erstmalig wird die technologische Verhei\u00dfung und der westliche Lebensstil in Frage gestellt. Religi\u00f6se Bewegungen und politische Gruppierungen nutzen die Orientierugslosigkeit gekonnt f\u00fcr ihre Zwecke. Einige Jahrhunderte nur an egoistischer Fortschritts-Euphorie lassen uns erw\u00e4gen, unser Heil evtl. auf dem Mars zu suchen. Ein Umbruch wird, muss stattfinden &#8211; friedlich nicht gewaltsam &#8211; mit ge\u00e4nderten Priorit\u00e4ten und Lebenszielen. Ein anderes Denken, F\u00fchlen und Verhalten ist erforderlich &#8211; und es muss beginnen in jungen K\u00f6pfen, da der \u00e4ltere Mensch nur schwer von eigenen Denkschematas und hinderlichen Traditionen abzubringen ist. Traditionen die es zu sch\u00fctzen gilt, sind zB. handwerkliche Fertigkeiten und K\u00fcnste, die die menschliche Kreativit\u00e4t zum Ausdruck bringen, wenn auch nur als kleines Gegengewicht zur Medien-Bespassung und Massenkonsum. Neue alte Ideale wie G\u00fcte, Gen\u00fcgsamkeit, Dankbarkeit, Einfachheit, Respekt, W\u00fcrde werden sich durchsetzen, die Zeit ist reif.<\/span><\/p>\n<p><span style=\"font-size: 17px;\"><strong>Kollektivit\u00e4t als ethische Dimension<br \/>\n<\/strong>Schon sehr fr\u00fch, nach dem sich Sahaja Yoga ausbreitete, ermahnte Shri Mataji ihre Anh\u00e4nger, dass dieses Yoga kein individuelles Yoga sein kann, sondern pure Kollektivit\u00e4t ist. Woraus sich ableitet, dass Entwicklung sich aller annehmen und in alle Bereiche des Lebens ausstrahlen muss. Es beginnt ganz unten und muss sich fortsetzen bis zur Schaffung friedvoller Lebens-Bedingungen. Erst wenn der Bauch voll ist, kann sich das Bewusstsein h\u00f6heren Dingen zuwenden. Krieg, Flucht, Unfreiheit, Analphabetentum, Armut, Krankheit sind heute nicht mehr weit weg und ausblendbar. Es sind Hemmnisse, die uns unmittelbar betreffen. Kollektivit\u00e4t ist nicht mehr nur Nachbarschaftshilfe oder \u00f6kologische Besorgnis, sondern hat globale Bedeutung erlangt. Seit Beginn hat sich Sahaja Yoga gegen Kastenwesen und Korruption gestellt, H\u00e4user f\u00fcr Kranke, Waisen, versto\u00dfene Frauen, Kinderg\u00e4rten, Schulen geschaffen. Tut dies bis heute weltweit, auch eingedenk der Theorie der &#8222;Kritischen Zahl&#8220;, welche Shri Mataji best\u00e4tigte. Es ist das \u00c4quivalent zur &#8222;Kritischen Masse&#8220; in der Atomphysik. Neues Verhalten wird sich kollektiv dann etablieren, wenn eine Mindestzahl an Individuen in der Population, dieses Verhalten praktiziert. Es geht dann ein in das kollektive Unterbewusstsein, auch f\u00fcr zuk\u00fcnftige Generationen.<\/span><\/p>\n<p><span style=\"font-size: 17px;\"><a href=\"https:\/\/sebastianmiga.de\/projekte\/meditationmuenchen\/ueber-uns\/\">Zur\u00fcck zum Hauptmenue<\/a><\/span>[\/vc_column_text][\/vc_column][\/vc_row][vc_row][vc_column][vc_empty_space height=&#8220;800 px&#8220;][\/vc_column][\/vc_row]<\/p>\n<\/div>","protected":false},"excerpt":{"rendered":"<p>[vc_row][vc_column][vc_column_text css=&#8220;.vc_custom_1555943141134{margin-top: 0px !important;margin-right: 4px !important;margin-bottom: 0px !important;margin-left: 4px !important;border-top-width: 4px !important;border-right-width: 4px !important;border-bottom-width: 4px !important;border-left-width: 4px !important;padding-top: 15px !important;padding-right: 10px !important;padding-bottom: 5px !important;padding-left: 10px !important;background-color: rgba(255,255,255,0.75) !important;*background-color: rgb(255,255,255) !important;border-left-color: #ffffff !important;border-left-style: ridge !important;border-right-color: #ffffff !important;border-right-style: ridge !important;border-top-color: #ffffff !important;border-top-style: ridge !important;border-bottom-color: #ffffff !important;border-bottom-style: ridge !important;border-radius: 5px !important;}&#8220;]Arm und Reich Seit der Wandlung des Menschen [&hellip;]<\/p>\n","protected":false},"author":3,"featured_media":0,"parent":776,"menu_order":0,"comment_status":"closed","ping_status":"closed","template":"","meta":{"_acf_changed":false,"footnotes":""},"class_list":["post-1170","page","type-page","status-publish","hentry"],"acf":[],"_links":{"self":[{"href":"https:\/\/sebastianmiga.de\/projekte\/meditationmuenchen\/wp-json\/wp\/v2\/pages\/1170","targetHints":{"allow":["GET"]}}],"collection":[{"href":"https:\/\/sebastianmiga.de\/projekte\/meditationmuenchen\/wp-json\/wp\/v2\/pages"}],"about":[{"href":"https:\/\/sebastianmiga.de\/projekte\/meditationmuenchen\/wp-json\/wp\/v2\/types\/page"}],"author":[{"embeddable":true,"href":"https:\/\/sebastianmiga.de\/projekte\/meditationmuenchen\/wp-json\/wp\/v2\/users\/3"}],"replies":[{"embeddable":true,"href":"https:\/\/sebastianmiga.de\/projekte\/meditationmuenchen\/wp-json\/wp\/v2\/comments?post=1170"}],"version-history":[{"count":36,"href":"https:\/\/sebastianmiga.de\/projekte\/meditationmuenchen\/wp-json\/wp\/v2\/pages\/1170\/revisions"}],"predecessor-version":[{"id":4733,"href":"https:\/\/sebastianmiga.de\/projekte\/meditationmuenchen\/wp-json\/wp\/v2\/pages\/1170\/revisions\/4733"}],"up":[{"embeddable":true,"href":"https:\/\/sebastianmiga.de\/projekte\/meditationmuenchen\/wp-json\/wp\/v2\/pages\/776"}],"wp:attachment":[{"href":"https:\/\/sebastianmiga.de\/projekte\/meditationmuenchen\/wp-json\/wp\/v2\/media?parent=1170"}],"curies":[{"name":"wp","href":"https:\/\/api.w.org\/{rel}","templated":true}]}}