{"id":2795,"date":"2017-12-18T22:01:55","date_gmt":"2017-12-18T21:01:55","guid":{"rendered":"http:\/\/meditationmuenchen.ecommerce-trend.de\/?page_id=2795"},"modified":"2019-04-22T16:07:15","modified_gmt":"2019-04-22T14:07:15","slug":"blog1","status":"publish","type":"page","link":"https:\/\/sebastianmiga.de\/projekte\/meditationmuenchen\/blog1\/","title":{"rendered":"Blog"},"content":{"rendered":"<div class=\"wpb-content-wrapper\"><p>[vc_row][vc_column css=&#8220;.vc_custom_1513633410154{margin-top: 0px !important;margin-right: 0px !important;margin-bottom: 0px !important;margin-left: 0px !important;border-top-width: 0px !important;border-right-width: 0px !important;border-bottom-width: 0px !important;border-left-width: 0px !important;padding-top: 0px !important;padding-right: 0px !important;padding-bottom: 0px !important;padding-left: 0px !important;}&#8220;][vc_column_text css=&#8220;.vc_custom_1555942027663{margin-top: 0px !important;margin-right: 4px !important;margin-bottom: 0px !important;margin-left: 4px !important;border-top-width: 4px !important;border-right-width: 4px !important;border-bottom-width: 4px !important;border-left-width: 4px !important;padding-top: 15px !important;padding-right: 10px !important;padding-bottom: 5px !important;padding-left: 10px !important;background-color: rgba(255,255,255,0.75) !important;*background-color: rgb(255,255,255) !important;border-left-color: #ffffff !important;border-left-style: ridge !important;border-right-color: #ffffff !important;border-right-style: ridge !important;border-top-color: #ffffff !important;border-top-style: ridge !important;border-bottom-color: #ffffff !important;border-bottom-style: ridge !important;border-radius: 5px !important;}&#8220;]<span style=\"font-size: 18px;\"><strong><span style=\"font-size: 34px;\">W<\/span>as ist Leben &#8211; warum gibt es mich?<br \/>\n<\/strong>Normal glauben wir \u00fcber unser Leben zu bestimmen. Dies ist nur begrenzt richtig. Auch wenn es Alternativen gibt und wir uns f\u00fcr eine entscheiden, ist es nur relative Freiheit. Der Knackpunkt ist, was erkennen wir als Alternativen? Unser Bewusstsein l\u00e4sst leider nur die Bandbreite an Auswahlm\u00f6glichkeiten zu, die unserem Entwicklungsstand entsprechen. Gefangen in bequemer Normalit\u00e4t sind wir nicht offen f\u00fcr weiterreichende Gedanken und Schlussfolgerungen. Wie ausbrechen aus der Engstirnigkeit? Dazu bedarf es einer h\u00f6heren Instanz, die uns nicht vorhersehbare M\u00f6glichkeiten oder Dringlichkeiten pr\u00e4sentiert. Ihr Name Schicksal und die tollk\u00fchne Behauptung, dass auch Schicksal nur eine Facette der Kundalinikraft ist. F\u00fcr westliche Philosophie vielleicht neu, nicht f\u00fcr \u00f6stliche, die Karma und Wiedergeburt als zentrale Idee anerkennt &#8211; nahtlos schl\u00fcssig zur Idee der Evolution. Dort ist die Kundalini auch die Kraft, die alles aufzeichnet (Akasha-Chronik) &#8211; unsere Erfolge und Misserfolge fr\u00fcherer Leben &#8211; und woraus sich die karmischen Eckpunkte des derzeitigen Lebens ableiten. Das k\u00f6nnen Pr\u00fcfungen sein, Unf\u00e4lle, Krankheiten, Lottogewinne, neue Partner, berufliche Auf- oder Abstiege und anderes \u2013 \u00dcberraschendes, das uns aus dem Trott des Alltags rei\u00dft. Vielleicht erkennen wir dann, dass all die\u00a0Planung und Absicherung, unsere sch\u00f6ne Normalit\u00e4t Illusion ist. Beides, Leidensdruck oder Freude k\u00f6nnen \u00fcberw\u00e4ltigen, dann wendet sich unser Blick statt nach au\u00dfen erstmals nach innen und man\u00a0stellt\u00a0sich selbst infrage. Was das Leben parat h\u00e4lt ist der Ratio verschlossen,\u00a0doch immer dr\u00e4ngt die Evolution, es nicht zu vergeuden f\u00fcr Belangloses. Vielleicht die tiefste Umschreibung findet man in der Bhagavad Gita, dem heiligen Buch des Hinduismus.\u00a0Darin z\u00e4hlt Lord Krishna Prinz Arjuna vor einer epischen Schlacht\u00a0<a class=\"customize-unpreviewable\" href=\"https:\/\/sebastianmiga.de\/projekte\/meditationmuenchen\/wp-content\/uploads\/2017\/12\/LebenIst.pdf\">die Facetten des Lebens auf.<\/a>\u00a0Dies sind unsere Themen. R\u00fcckblende: Der junge kleine Pinguin des Videoclips der Startseite, der ins Wasser watschelt, er bricht auf zu neuem Ufer.<\/span><\/p>\n<p><span style=\"font-size: 18px;\"><strong>Dem Sucher gewidmet<\/strong><\/span><br \/>\n<span style=\"font-size: 18px;\">Wie mich Sahaja Yoga fand \u2013 Geschichten, die das Leben schrieb \u2013 Ereignisse, wie uns die Kundalini leitete, das Auf und Ab unserer Suche, unserer Irrwege, Umwege, Zweifel, aber auch pers\u00f6nliche Erlebnisse mit Sahaja Yoga und Shri Mataji, wie Sie sich all der N\u00f6te des Suchers in m\u00fctterlicher F\u00fcrsorge annnahm. Die Entwicklung geht vom gedankenfreien zum zweifelsfreien Bewusstsein, (Nirvichara-Samadhi zu Nirvikalpa-Samadhi) was nichts anderes bedeutet, als dass pers\u00f6nliche Erfahrungen, sich nach und nach verdichten zur Gewissheit der Wirklichkeit meines Lebensweges. Diese Wirklichkeit meint Authentizit\u00e4t, Gelebtes nicht Gelerntes. Best\u00e4tigung aus Erlebtem immer neuer Lebenssituationen. \u201eLearning by Doing\u201c \u2013 Aha-Situationen \u2013 manchmal tragisch, manchmal erhaben, manchmal zum Umfallen komisch. Shri Mataji dr\u00fcckt es sehr bildhaft aus. Sie will die Schwimmer aus den rauen Wellen der See ins Boot holen, dann k\u00f6nnen sie sich auch am Spiel der gewaltigen Natur erfreuen.<\/span>[\/vc_column_text][\/vc_column][\/vc_row]<\/p>\n<\/div>","protected":false},"excerpt":{"rendered":"<p>[vc_row][vc_column css=&#8220;.vc_custom_1513633410154{margin-top: 0px !important;margin-right: 0px !important;margin-bottom: 0px !important;margin-left: 0px !important;border-top-width: 0px !important;border-right-width: 0px !important;border-bottom-width: 0px !important;border-left-width: 0px !important;padding-top: 0px !important;padding-right: 0px !important;padding-bottom: 0px !important;padding-left: 0px !important;}&#8220;][vc_column_text css=&#8220;.vc_custom_1555942027663{margin-top: 0px !important;margin-right: 4px !important;margin-bottom: 0px !important;margin-left: 4px !important;border-top-width: 4px !important;border-right-width: 4px !important;border-bottom-width: 4px !important;border-left-width: 4px !important;padding-top: 15px !important;padding-right: 10px !important;padding-bottom: 5px !important;padding-left: 10px !important;background-color: rgba(255,255,255,0.75) !important;*background-color: rgb(255,255,255) !important;border-left-color: [&hellip;]<\/p>\n","protected":false},"author":3,"featured_media":0,"parent":0,"menu_order":0,"comment_status":"closed","ping_status":"closed","template":"","meta":{"_acf_changed":false,"footnotes":""},"class_list":["post-2795","page","type-page","status-publish","hentry"],"acf":[],"_links":{"self":[{"href":"https:\/\/sebastianmiga.de\/projekte\/meditationmuenchen\/wp-json\/wp\/v2\/pages\/2795","targetHints":{"allow":["GET"]}}],"collection":[{"href":"https:\/\/sebastianmiga.de\/projekte\/meditationmuenchen\/wp-json\/wp\/v2\/pages"}],"about":[{"href":"https:\/\/sebastianmiga.de\/projekte\/meditationmuenchen\/wp-json\/wp\/v2\/types\/page"}],"author":[{"embeddable":true,"href":"https:\/\/sebastianmiga.de\/projekte\/meditationmuenchen\/wp-json\/wp\/v2\/users\/3"}],"replies":[{"embeddable":true,"href":"https:\/\/sebastianmiga.de\/projekte\/meditationmuenchen\/wp-json\/wp\/v2\/comments?post=2795"}],"version-history":[{"count":40,"href":"https:\/\/sebastianmiga.de\/projekte\/meditationmuenchen\/wp-json\/wp\/v2\/pages\/2795\/revisions"}],"predecessor-version":[{"id":4726,"href":"https:\/\/sebastianmiga.de\/projekte\/meditationmuenchen\/wp-json\/wp\/v2\/pages\/2795\/revisions\/4726"}],"wp:attachment":[{"href":"https:\/\/sebastianmiga.de\/projekte\/meditationmuenchen\/wp-json\/wp\/v2\/media?parent=2795"}],"curies":[{"name":"wp","href":"https:\/\/api.w.org\/{rel}","templated":true}]}}