{"id":3841,"date":"2018-04-21T13:20:48","date_gmt":"2018-04-21T11:20:48","guid":{"rendered":"https:\/\/sebastianmiga.de\/projekte\/meditationmuenchen\/?page_id=3841"},"modified":"2025-02-28T14:59:09","modified_gmt":"2025-02-28T13:59:09","slug":"themen-abende","status":"publish","type":"page","link":"https:\/\/sebastianmiga.de\/projekte\/meditationmuenchen\/aktuelles-newsletter\/themen-abende\/","title":{"rendered":"Themen-Abende M\u00fcnchen"},"content":{"rendered":"<div class=\"wpb-content-wrapper\"><p>[vc_row][vc_column][vc_column_text css=&#8220;.vc_custom_1740751007579{margin-top: 0px !important;margin-right: 4px !important;margin-bottom: 0px !important;margin-left: 4px !important;border-top-width: 4px !important;border-right-width: 4px !important;border-bottom-width: 4px !important;border-left-width: 4px !important;padding-top: 5px !important;padding-right: 10px !important;padding-bottom: 5px !important;padding-left: 10px !important;background-color: rgba(255,255,255,0.75) !important;*background-color: rgb(255,255,255) !important;border-left-color: #ffffff !important;border-left-style: ridge !important;border-right-color: #ffffff !important;border-right-style: ridge !important;border-top-color: #ffffff !important;border-top-style: ridge !important;border-bottom-color: #ffffff !important;border-bottom-style: ridge !important;border-radius: 5px !important;}&#8220;]<\/p>\n<h3 style=\"text-align: center;\">Theorie und Erfahrung sind eins.<\/h3>\n<p style=\"text-align: left;\"><span style=\"font-size: 17px;\">Hier finden Sie aufgelistet die Themen-Abende und Referenten im SY- Zentrum M\u00fcnchen f\u00fcr Donnerstag und Freitag. Jeder Abend ist einem Schwerpunkt des feinstofflichen Systems\u00a0 gewidmet (siehe unten). Es geht dabei nicht um Farben, Planeten und Edelsteine u. dgl. die zugeordnet werden, sondern prim\u00e4r um die Prinzipien. Obwohl in logischer Reihenfolge, k\u00f6nnen Sie jederzeit dazusto\u00dfen, da sich die Themen zyklisch wiederholen. Sind sie ganz neu, geben wir einen \u00dcberblick, der die gro\u00dfe Idee des ganzen Systems skizziert. Dies erfolgt theoretisch und wird dann praktisch vertieft\u00a0 in einer gef\u00fchrten Meditation. Jeder Abend dauert ca. 90 min. 50% Theorie und 50% Praxis. Meditative Praxis &#8211; also nervale k\u00f6rperliche Erfahrung &#8211; muss die Theorie best\u00e4tigen.<\/span><\/p>\n<p>&nbsp;<\/p>\n<p><img decoding=\"async\" class=\"aligncenter\" src=\"https:\/\/sebastianmiga.de\/projekte\/meditationmuenchen\/wp-content\/uploads\/2018\/04\/ChakraTafel.jpg\" alt=\"Themen in der Folge von unten nach oben\" \/><\/p>\n<p><a href=\"https:\/\/sebastianmiga.de\/projekte\/meditationmuenchen\/aktuelles-newsletter\/\">Zur\u00fcck zum Hauptmenue<\/a><a href=\"https:\/\/sebastianmiga.de\/projekte\/meditationmuenchen\/wp-content\/uploads\/2025\/02\/Lstprg2025.pdf\">Lstprg2025<\/a><img loading=\"lazy\" decoding=\"async\" class=\"size-full wp-image-5875 aligncenter\" src=\"https:\/\/sebastianmiga.de\/projekte\/meditationmuenchen\/wp-content\/uploads\/2025\/02\/Listprg25.jpg\" alt=\"\" width=\"1636\" height=\"736\" srcset=\"https:\/\/sebastianmiga.de\/projekte\/meditationmuenchen\/wp-content\/uploads\/2025\/02\/Listprg25.jpg 1636w, https:\/\/sebastianmiga.de\/projekte\/meditationmuenchen\/wp-content\/uploads\/2025\/02\/Listprg25-600x270.jpg 600w, https:\/\/sebastianmiga.de\/projekte\/meditationmuenchen\/wp-content\/uploads\/2025\/02\/Listprg25-1024x461.jpg 1024w, https:\/\/sebastianmiga.de\/projekte\/meditationmuenchen\/wp-content\/uploads\/2025\/02\/Listprg25-768x346.jpg 768w, https:\/\/sebastianmiga.de\/projekte\/meditationmuenchen\/wp-content\/uploads\/2025\/02\/Listprg25-1536x691.jpg 1536w\" sizes=\"auto, (max-width: 1636px) 100vw, 1636px\" \/>[\/vc_column_text][\/vc_column][\/vc_row]<\/p>\n<\/div>","protected":false},"excerpt":{"rendered":"<p>[vc_row][vc_column][vc_column_text css=&#8220;.vc_custom_1740751007579{margin-top: 0px !important;margin-right: 4px !important;margin-bottom: 0px !important;margin-left: 4px !important;border-top-width: 4px !important;border-right-width: 4px !important;border-bottom-width: 4px !important;border-left-width: 4px !important;padding-top: 5px !important;padding-right: 10px !important;padding-bottom: 5px !important;padding-left: 10px !important;background-color: rgba(255,255,255,0.75) !important;*background-color: rgb(255,255,255) !important;border-left-color: #ffffff !important;border-left-style: ridge !important;border-right-color: #ffffff !important;border-right-style: ridge !important;border-top-color: #ffffff !important;border-top-style: ridge !important;border-bottom-color: #ffffff !important;border-bottom-style: ridge !important;border-radius: 5px !important;}&#8220;] Theorie und Erfahrung sind eins. Hier finden [&hellip;]<\/p>\n","protected":false},"author":3,"featured_media":0,"parent":3497,"menu_order":0,"comment_status":"closed","ping_status":"closed","template":"","meta":{"_acf_changed":false,"footnotes":""},"class_list":["post-3841","page","type-page","status-publish","hentry"],"acf":[],"_links":{"self":[{"href":"https:\/\/sebastianmiga.de\/projekte\/meditationmuenchen\/wp-json\/wp\/v2\/pages\/3841","targetHints":{"allow":["GET"]}}],"collection":[{"href":"https:\/\/sebastianmiga.de\/projekte\/meditationmuenchen\/wp-json\/wp\/v2\/pages"}],"about":[{"href":"https:\/\/sebastianmiga.de\/projekte\/meditationmuenchen\/wp-json\/wp\/v2\/types\/page"}],"author":[{"embeddable":true,"href":"https:\/\/sebastianmiga.de\/projekte\/meditationmuenchen\/wp-json\/wp\/v2\/users\/3"}],"replies":[{"embeddable":true,"href":"https:\/\/sebastianmiga.de\/projekte\/meditationmuenchen\/wp-json\/wp\/v2\/comments?post=3841"}],"version-history":[{"count":52,"href":"https:\/\/sebastianmiga.de\/projekte\/meditationmuenchen\/wp-json\/wp\/v2\/pages\/3841\/revisions"}],"predecessor-version":[{"id":5876,"href":"https:\/\/sebastianmiga.de\/projekte\/meditationmuenchen\/wp-json\/wp\/v2\/pages\/3841\/revisions\/5876"}],"up":[{"embeddable":true,"href":"https:\/\/sebastianmiga.de\/projekte\/meditationmuenchen\/wp-json\/wp\/v2\/pages\/3497"}],"wp:attachment":[{"href":"https:\/\/sebastianmiga.de\/projekte\/meditationmuenchen\/wp-json\/wp\/v2\/media?parent=3841"}],"curies":[{"name":"wp","href":"https:\/\/api.w.org\/{rel}","templated":true}]}}