{"id":685,"date":"2017-07-27T11:19:31","date_gmt":"2017-07-27T09:19:31","guid":{"rendered":"http:\/\/meditationmuenchen.ecommerce-trend.de\/?page_id=685"},"modified":"2019-04-22T15:43:19","modified_gmt":"2019-04-22T13:43:19","slug":"wo-meditieren","status":"publish","type":"page","link":"https:\/\/sebastianmiga.de\/projekte\/meditationmuenchen\/wo-meditieren\/","title":{"rendered":"Wo meditieren"},"content":{"rendered":"<div class=\"wpb-content-wrapper\"><p>[vc_row][vc_column][vc_column_text css=&#8220;.vc_custom_1555940591962{margin-top: 0px !important;margin-right: 4px !important;margin-bottom: 0px !important;margin-left: 4px !important;border-top-width: 4px !important;border-right-width: 4px !important;border-bottom-width: 4px !important;border-left-width: 4px !important;padding-top: 15px !important;padding-right: 10px !important;padding-bottom: 5px !important;padding-left: 10px !important;background-color: rgba(255,255,255,0.75) !important;*background-color: rgb(255,255,255) !important;border-left-color: #ffffff !important;border-left-style: ridge !important;border-right-color: #ffffff !important;border-right-style: ridge !important;border-top-color: #ffffff !important;border-top-style: ridge !important;border-bottom-color: #ffffff !important;border-bottom-style: ridge !important;}&#8220;]<span style=\"font-size: 18px;\"><strong><span style=\"font-size: 34px;\">V<\/span>iele Wege f\u00fchren nach Rom<\/strong><\/span><br \/>\n<span style=\"font-size: 18px;\">Leider mu\u00df dieser beliebten weit verbreiteten Ansicht widersprochen werden. Viele Ansichten m\u00f6gen sinnvoll sein, ergeben aber summarisch nicht die volle Wahrheit. Gerade erst ein wenig der Dogmatik der Amtsreligionen entflohen, sind wir dabei, einer anderen subtileren Dogmatik auf den Leim zu gehen. Aufkl\u00e4rung und Meinungs-Freiheit der Westlichen Zivilisation produzieren und verbreiten ein \u201cIch bin ok, du bist ok, alles ist ok!\u201c Der Schwall unterschiedlichster Ansichten und Einsichten, Ratgeber zur Krisen- und Lebensmeisterung ohne Zahl, hinterlassen eins \u2013 Ratlosigkeit ob ihrer Widerspr\u00fcche und Kurzlebigkeit. Shri Mataji kommentierte diese Situation. Dies ist eher ein Problem des Westens, nicht des Ostens. Die fehlende Tradition des Suchens nach Spiritualit\u00e4t, die im Osten immer Vorrang und Hochachtung geno\u00df, hat nicht stattgefunden in Kultur und Mentalit\u00e4t des Westens. Deshalb f\u00e4llt der westliche Mensch so leicht auf allen Unsinn cleverer Gesch\u00e4ftemacher herein. Das Meiste ist purer Kommerz. Immer zu vernehmen ist der Ratschlag: \u201cFinde und gehe deinen ganz individuellen Weg, dann liegst du richtig\u201c. Ein sehr cleveres Argument und Angebot, adressiert an unser Ego. Wieder f\u00fchlt es sich geschmeichelt, etwas ganz f\u00fcr sich allein zu haben und damit seine Bedeutsamkeit zu steigern. Gr\u00f6\u00dfter Vorteil aber, man kann ohne Ende \u201cNeues\u201c oder neue \u201cKombinationen ausgemusterter Trends\u201c propagieren und verkaufen.<\/span><\/p>\n<p><span style=\"font-size: 18px;\"><img decoding=\"async\" class=\"aligncenter\" src=\"https:\/\/sebastianmiga.de\/projekte\/meditationmuenchen\/wp-content\/uploads\/2018\/05\/Wahrheit-e1525442226830.jpg\" alt=\"Wahrheit\" \/><\/span><\/p>\n<p><span style=\"color: #000000; font-size: 18px;\"><strong>Bewu\u00dftwerdung der Essenz<\/strong><br \/>\nDie Erfahrung des Kundalini-Aufstiegs- wir nennen sie Selbst-Realisierung, oder Realisierung des Atmas &#8211; ist von epochaler Bedeutung in unserem Leben. Es ist das in uns eingebaute Verlangen unserer g\u00f6ttlichen Essenz nahezukommen. Lange vor der spirituellen Verflachung, wurde das als Yoga verstanden. Dies kann keine Sache des Wollen oder Machens sein, und &#8211; es ist ein Vorgang kontr\u00e4r zu all unseren materialistischen Ambitionen. Absolut freiwillig und f\u00fcr jedermann, basiert er auf absoluter Chancengleichheit aller Menschen, egal ob alt, jung, arm, reich, weiblich, m\u00e4nnlich. Wenn Ihr Wunsch stark genug ist, kann diese Erfahrung <a href=\"http:\/\/www.onlinemeditation.org\/\">auch zu Hause mit geringer Anleitung<\/a> selbst \u00fcber das Internet geschehen. Viele M\u00f6glichkeiten gibt es, sie sind aber niemals Vorbedingung f\u00fcr die Erfahrung. Dies kann nicht anders sein eingedenk der Bedeutung des Vorgangs<span style=\"font-family: Garamond, serif;\">.<\/span><\/span>[\/vc_column_text][\/vc_column][\/vc_row][vc_row][vc_column][vc_empty_space height=&#8220;75 px&#8220;][\/vc_column][\/vc_row]<\/p>\n<\/div>","protected":false},"excerpt":{"rendered":"<p>[vc_row][vc_column][vc_column_text css=&#8220;.vc_custom_1555940591962{margin-top: 0px !important;margin-right: 4px !important;margin-bottom: 0px !important;margin-left: 4px !important;border-top-width: 4px !important;border-right-width: 4px !important;border-bottom-width: 4px !important;border-left-width: 4px !important;padding-top: 15px !important;padding-right: 10px !important;padding-bottom: 5px !important;padding-left: 10px !important;background-color: rgba(255,255,255,0.75) !important;*background-color: rgb(255,255,255) !important;border-left-color: #ffffff !important;border-left-style: ridge !important;border-right-color: #ffffff !important;border-right-style: ridge !important;border-top-color: #ffffff !important;border-top-style: ridge !important;border-bottom-color: #ffffff !important;border-bottom-style: ridge !important;}&#8220;]Viele Wege f\u00fchren nach Rom Leider mu\u00df dieser beliebten weit [&hellip;]<\/p>\n","protected":false},"author":1,"featured_media":0,"parent":0,"menu_order":0,"comment_status":"closed","ping_status":"closed","template":"","meta":{"_acf_changed":false,"footnotes":""},"class_list":["post-685","page","type-page","status-publish","hentry"],"acf":[],"_links":{"self":[{"href":"https:\/\/sebastianmiga.de\/projekte\/meditationmuenchen\/wp-json\/wp\/v2\/pages\/685","targetHints":{"allow":["GET"]}}],"collection":[{"href":"https:\/\/sebastianmiga.de\/projekte\/meditationmuenchen\/wp-json\/wp\/v2\/pages"}],"about":[{"href":"https:\/\/sebastianmiga.de\/projekte\/meditationmuenchen\/wp-json\/wp\/v2\/types\/page"}],"author":[{"embeddable":true,"href":"https:\/\/sebastianmiga.de\/projekte\/meditationmuenchen\/wp-json\/wp\/v2\/users\/1"}],"replies":[{"embeddable":true,"href":"https:\/\/sebastianmiga.de\/projekte\/meditationmuenchen\/wp-json\/wp\/v2\/comments?post=685"}],"version-history":[{"count":37,"href":"https:\/\/sebastianmiga.de\/projekte\/meditationmuenchen\/wp-json\/wp\/v2\/pages\/685\/revisions"}],"predecessor-version":[{"id":4711,"href":"https:\/\/sebastianmiga.de\/projekte\/meditationmuenchen\/wp-json\/wp\/v2\/pages\/685\/revisions\/4711"}],"wp:attachment":[{"href":"https:\/\/sebastianmiga.de\/projekte\/meditationmuenchen\/wp-json\/wp\/v2\/media?parent=685"}],"curies":[{"name":"wp","href":"https:\/\/api.w.org\/{rel}","templated":true}]}}