{"id":699,"date":"2017-07-27T12:55:56","date_gmt":"2017-07-27T10:55:56","guid":{"rendered":"http:\/\/meditationmuenchen.ecommerce-trend.de\/?page_id=699"},"modified":"2019-04-28T17:33:13","modified_gmt":"2019-04-28T15:33:13","slug":"impressum","status":"publish","type":"page","link":"https:\/\/sebastianmiga.de\/projekte\/meditationmuenchen\/aktuelles-newsletter\/impressum\/","title":{"rendered":"Impressum"},"content":{"rendered":"<div class=\"wpb-content-wrapper\"><p>[vc_row][vc_column][vc_column_text css=&#8220;.vc_custom_1556465576501{margin-top: 0px !important;margin-right: 4px !important;margin-bottom: 0px !important;margin-left: 4px !important;border-top-width: 4px !important;border-right-width: 4px !important;border-bottom-width: 4px !important;border-left-width: 4px !important;padding-top: 5px !important;padding-right: 10px !important;padding-bottom: 5px !important;padding-left: 10px !important;background-color: rgba(255,255,255,0.75) !important;*background-color: rgb(255,255,255) !important;border-left-color: #ffffff !important;border-left-style: ridge !important;border-right-color: #ffffff !important;border-right-style: ridge !important;border-top-color: #ffffff !important;border-top-style: ridge !important;border-bottom-color: #ffffff !important;border-bottom-style: ridge !important;border-radius: 5px !important;}&#8220;]<\/p>\n<h2>Impressum<\/h2>\n<p><span style=\"font-size: 17px;\"><strong>Adresse und Anfahrt<\/strong><\/span><br \/>\n<span style=\"font-size: 17px;\">Sahaja Yoga Zentrum<\/span><br \/>\n<span style=\"font-size: 17px;\">81669 M\u00fcnchen \/ Am Lilienberg 2a<\/span><br \/>\n<span style=\"font-size: 17px;\">(Am Gasteig &#8211; erreichbar \u00fcber<\/span><br \/>\n<span style=\"font-size: 17px;\">S-Bahn \/ Halt Rosenheimerplatz;<\/span><br \/>\n<span style=\"font-size: 17px;\">mit Auto Tiefgarage um die Ecke)<\/span><\/p>\n<p><span style=\"font-size: 17px;\"><strong>Info<br \/>\n<\/strong><\/span><span style=\"font-size: 17px;\">info@meditationmuenchen.org<br \/>\n<\/span><\/p>\n<p><strong><span style=\"font-size: 17px;\">Telefon<\/span><\/strong><br \/>\n<span style=\"font-size: 17px;\">0176\/94169665<\/span><br \/>\n<span style=\"font-size: 17px;\">0170\/3044451<\/span><\/p>\n<h3><\/h3>\n<h3>Angaben gem\u00e4\u00df \u00a7 5 TMG:<\/h3>\n<p><span style=\"font-size: 17px;\"><strong>Adresse<br \/>\n<\/strong>Sahaja Yoga M\u00fcnchen<\/span><br \/>\n<span style=\"font-size: 17px;\">81669 M\u00fcnchen<br \/>\n<\/span><span style=\"font-size: 17px;\">Am Lilienberg 2a<\/span><\/p>\n<p><span style=\"font-size: 17px;\"><strong>Haftungsausschluss (Disclaimer)<br \/>\n<\/strong><strong>Haftung f\u00fcr Inhalte<\/strong><\/span><br \/>\n<span style=\"font-size: 17px;\">Als Diensteanbieter sind wir gem\u00e4\u00df \u00a7 7 Abs.1 TMG f\u00fcr eigene Inhalte auf diesen Seiten nach den allgemeinen Gesetzen verantwortlich. Nach \u00a7\u00a7 8 bis 10 TMG sind wir als Diensteanbieter jedoch nicht verpflichtet, \u00fcbermittelte oder gespeicherte fremde Informationen zu \u00fcberwachen oder nach Umst\u00e4nden zu forschen, die auf eine rechtswidrige T\u00e4tigkeit hinweisen. Verpflichtungen zur Entfernung oder Sperrung der Nutzung von Informationen nach den allgemeinen Gesetzen bleiben hiervon unber\u00fchrt. Eine diesbez\u00fcgliche Haftung ist jedoch erst ab dem Zeitpunkt der Kenntnis einer konkreten Rechtsverletzung m\u00f6glich. Bei Bekanntwerden von entsprechenden Rechtsverletzungen werden wir diese Inhalte umgehend entfernen.<\/span><\/p>\n<p><span style=\"font-size: 17px;\"><strong>Haftung f\u00fcr Links<br \/>\n<\/strong>Ausgeschlossen ist jegliche Haftung oder Garantie f\u00fcr die Aktualit\u00e4t, Richtigkeit, Vollst\u00e4ndigkeit und Funktionalit\u00e4t der zur Verf\u00fcgung gestellten Informationen. F<\/span><span style=\"font-size: 17px;\">\u00fcr Verlinkungen dieser Site k\u00f6nnen wir weder\u00a0<\/span><span style=\"font-size: 17px;\">f\u00fcr Funktion noch Inhalt\u00a0<\/span><span style=\"font-size: 17px;\">Gew\u00e4hr \u00fcbernehmen.\u00a0<\/span><span style=\"font-size: 17px;\">Die dynamische internationale Entwicklung von Sahaja Yoga macht es unm\u00f6glich die Funktionalit\u00e4t und Aktualit\u00e4t selbst der Links zu garantieren, die ins weltweite Sahaja Yoga Geschehen hineinreichen. Unser Angebot enth\u00e4lt evtl. auch Links zu externen Webseiten Dritter, auf deren Inhalte wir ebenfalls keinen Einfluss haben. F\u00fcr die Inhalte der verlinkten Seiten ist stets der jeweilige Anbieter oder Betreiber der Seiten verantwortlich. Die verlinkten Seiten wurden zum Zeitpunkt der Verlinkung auf m\u00f6gliche Rechtsverst\u00f6\u00dfe \u00fcberpr\u00fcft. Rechtswidrige Inhalte waren zum Zeitpunkt der Verlinkung nicht erkennbar.\u00a0\u00a0Eine permanente inhaltliche Kontrolle der verlinkten Seiten ist jedoch ohne konkrete Anhaltspunkte einer Rechtsverletzung nicht zumutbar. Bei Bekanntwerden von Rechtsverletzungen werden wir derartige Links umgehend entfernen.<\/span><\/p>\n<p><span style=\"font-size: 17px;\"><strong>Urheberrecht<br \/>\n<\/strong>Die durch die Seitenbetreiber erstellten Inhalte und Werke auf diesen Seiten unterliegen dem deutschen Urheberrecht. Die Vervielf\u00e4ltigung, Bearbeitung, Verbreitung und jede Art der Verwertung au\u00dferhalb der Grenzen des Urheberrechtes bed\u00fcrfen der schriftlichen Zustimmung des jeweiligen Autors bzw. Erstellers. Downloads und Kopien dieser Seite sind nur f\u00fcr den privaten, nicht kommerziellen Gebrauch gestattet.<\/span><\/p>\n<p><span style=\"font-size: 17px;\">Soweit die Inhalte auf dieser Seite nicht vom Betreiber erstellt wurden, werden die Urheberrechte Dritter beachtet. Insbesondere werden Inhalte Dritter als solche gekennzeichnet. Sollten Sie trotzdem auf eine Urheberrechtsverletzung aufmerksam werden, bitten wir um einen entsprechenden Hinweis. Bei Bekanntwerden von Rechtsverletzungen werden wir derartige Inhalte umgehend entfernen.<\/span><\/p>\n<h2>Gebrauchshinweise<\/h2>\n<p><span style=\"font-size: 17px;\">Aus der Benutzung der Hinweise kann kein Heil- oder Wirkversprechen abgeleitet werden. Heilung oder Entwicklung wird von uns im Sinne feinstofflicher Gesetzm\u00e4\u00dfigkeiten verstanden und nicht im Sinne des medizinisch \/ naturwissenschaftlichen Gesundheitsbegriffs. Sollten Sie psychische oder k\u00f6rperliche Probleme haben, wenden Sie sich bitte an einen Arzt, Heilpraktiker oder Therapeuten.<\/span><\/p>\n<p><span style=\"font-size: 17px;\"><a href=\"https:\/\/sebastianmiga.de\/projekte\/meditationmuenchen\/aktuelles-newsletter\/\">Zur\u00fcck zum Hauptmenue<\/a><\/span>[\/vc_column_text][\/vc_column][\/vc_row]<\/p>\n<\/div>","protected":false},"excerpt":{"rendered":"<p>[vc_row][vc_column][vc_column_text css=&#8220;.vc_custom_1556465576501{margin-top: 0px !important;margin-right: 4px !important;margin-bottom: 0px !important;margin-left: 4px !important;border-top-width: 4px !important;border-right-width: 4px !important;border-bottom-width: 4px !important;border-left-width: 4px !important;padding-top: 5px !important;padding-right: 10px !important;padding-bottom: 5px !important;padding-left: 10px !important;background-color: rgba(255,255,255,0.75) !important;*background-color: rgb(255,255,255) !important;border-left-color: #ffffff !important;border-left-style: ridge !important;border-right-color: #ffffff !important;border-right-style: ridge !important;border-top-color: #ffffff !important;border-top-style: ridge !important;border-bottom-color: #ffffff !important;border-bottom-style: ridge !important;border-radius: 5px !important;}&#8220;] Impressum Adresse und Anfahrt Sahaja Yoga Zentrum [&hellip;]<\/p>\n","protected":false},"author":1,"featured_media":0,"parent":3497,"menu_order":0,"comment_status":"closed","ping_status":"closed","template":"","meta":{"_acf_changed":false,"footnotes":""},"class_list":["post-699","page","type-page","status-publish","hentry"],"acf":[],"_links":{"self":[{"href":"https:\/\/sebastianmiga.de\/projekte\/meditationmuenchen\/wp-json\/wp\/v2\/pages\/699","targetHints":{"allow":["GET"]}}],"collection":[{"href":"https:\/\/sebastianmiga.de\/projekte\/meditationmuenchen\/wp-json\/wp\/v2\/pages"}],"about":[{"href":"https:\/\/sebastianmiga.de\/projekte\/meditationmuenchen\/wp-json\/wp\/v2\/types\/page"}],"author":[{"embeddable":true,"href":"https:\/\/sebastianmiga.de\/projekte\/meditationmuenchen\/wp-json\/wp\/v2\/users\/1"}],"replies":[{"embeddable":true,"href":"https:\/\/sebastianmiga.de\/projekte\/meditationmuenchen\/wp-json\/wp\/v2\/comments?post=699"}],"version-history":[{"count":33,"href":"https:\/\/sebastianmiga.de\/projekte\/meditationmuenchen\/wp-json\/wp\/v2\/pages\/699\/revisions"}],"predecessor-version":[{"id":4803,"href":"https:\/\/sebastianmiga.de\/projekte\/meditationmuenchen\/wp-json\/wp\/v2\/pages\/699\/revisions\/4803"}],"up":[{"embeddable":true,"href":"https:\/\/sebastianmiga.de\/projekte\/meditationmuenchen\/wp-json\/wp\/v2\/pages\/3497"}],"wp:attachment":[{"href":"https:\/\/sebastianmiga.de\/projekte\/meditationmuenchen\/wp-json\/wp\/v2\/media?parent=699"}],"curies":[{"name":"wp","href":"https:\/\/api.w.org\/{rel}","templated":true}]}}