{"id":988,"date":"2017-08-11T13:47:52","date_gmt":"2017-08-11T11:47:52","guid":{"rendered":"http:\/\/meditationmuenchen.ecommerce-trend.de\/?page_id=988"},"modified":"2019-04-28T17:37:52","modified_gmt":"2019-04-28T15:37:52","slug":"historie","status":"publish","type":"page","link":"https:\/\/sebastianmiga.de\/projekte\/meditationmuenchen\/warum-meditieren\/historie\/","title":{"rendered":"Historie"},"content":{"rendered":"<div class=\"wpb-content-wrapper\"><p>[vc_row][vc_column is_sticky=&#8220;yes&#8220; sticky_min_width=&#8220;767&#8243; sticky_top=&#8220;110&#8243; sticky_bottom=&#8220;0&#8243;][vc_column_text css_animation=&#8220;fadeIn&#8220; css=&#8220;.vc_custom_1555938722513{margin-top: 0px !important;margin-right: 4px !important;margin-bottom: 0px !important;margin-left: 4px !important;border-top-width: 4px !important;border-right-width: 4px !important;border-bottom-width: 4px !important;border-left-width: 4px !important;padding-top: 15px !important;padding-right: 10px !important;padding-bottom: 5px !important;padding-left: 10px !important;background-color: rgba(255,255,255,0.75) !important;*background-color: rgb(255,255,255) !important;border-left-style: ridge !important;border-right-style: ridge !important;border-top-style: ridge !important;border-bottom-style: ridge !important;border-radius: 5px !important;}&#8220;]<span style=\"font-size: 17px;\"><strong><span style=\"font-size: 34px;\">M<\/span>achbarkeit versus Demut<br \/>\n<\/strong>Seit jeher versucht er es. Philosophie und Forschergeist machen den Menschen einerseits zum winzigen Teilaspekt unendlicher Sch\u00f6pfung, andererseits zum Halbgott, der die Ketten seiner Beschr\u00e4nkung sprengen m\u00f6chte. Die Grenze zum Unendlichen zu \u00fcberschreiten ist spirituelles Erbe und Sehnsucht, hineingeboren durch den evolution\u00e4ren Impuls der in allem wirkt. Was kann er tun? Er versucht all seine Fakult\u00e4ten auszuloten. Dies sind K\u00f6rper, Intellekt und Psyche. Als Gegenteil zu Demut und Hingabe, die erforderlich w\u00e4ren, geht er zuerst den Weg der Machbarkeit und des Willens. Der Weise Patanjali definierte bereits 200 v. Chr. in seinen Yoga-Sutras: \u201cYoga ist die freiwillige Vermeidung irrelevanter mentaler Aktivit\u00e4t.\u201d Damit meinte er den Zeugenstatus, einen Zustand mentaler Stille, oder auch Gedanken freien Bewusstseins (Nirvichara Samadhi). Physiologisch ausgedr\u00fcckt, ist es sensorische Wahrnehmung, ohne zu reagieren, Wachheit ohne sich zu involvieren. Dies ist der fr\u00fcheste Hinweis, dass das Ziel allen Yogas eigentlich Zur\u00fccknahme und nicht maximaler Anstrengung\u00a0 bedarf \u2013 egal ob k\u00f6rperlicher, gedanklicher oder emotionaler. Mantras, Posen, Pranajama, Mudras, oder Mandalas erhalten ihre spirituelle Kraft weder durch die Monotonie endloser Wiederholung, noch durch Kraft oder Willensanstrengung, sondern \u00fcber das Bewusstsein ihrer Bedeutung, gepaart mit Innigkeit und Hingabe (Bhakti).<\/span><\/p>\n<p><span style=\"font-size: 17px;\"><strong><span style=\"font-size: 17px;\">U<\/span>niversale Wahrheit<br \/>\n<\/strong>Ringen um Wahrheit ist dem Menschen angeboren. In allen Zeiten der Verwirrung, sind die Stimmen zweifelhafter Propheten besonders laut. Wahrheit ist ihrer Natur nach aber subtil und leise, so dass wir uns heute leicht t\u00e4uschen lassen von der Lautheit und Aufdringlichkeit vorgetragener Theorien und Heils-Konzepte.\u00a0Das Wissen um das \u00c4u\u00dfere ist die Forschung. Das Wissen um das Innere ist die Psychologie. Beide werden transzendiert im Laufe der Entwicklung. Die Dogmatik ihrer Erkenntnis verliert sich letztlich in der Einsicht, des Nie-an-ein-Ende-Kommen, so treffen sie sich in der Spiritualit\u00e4t. Wahres Wissen muss universal sein, es muss sich auf alle Bereiche und Ebenen des Lebens anwenden lassen, andernfalls w\u00e4re es nur eine Teilwahrheit und damit begrenzt.\u00a0Wissen dieser Art kann andererseits nicht gleichmacherisch sein, denn die Individuation und Vielgestaltigkeit ist ein Hauptkennzeichen dieser Sch\u00f6pfung.\u00a0Wissen dieser Art muss anerkennen, dass etwas H\u00f6heres (Gottes-Prinzip) immerdar existiert, denn die pers\u00f6nliche und kollektive Evolution muss sowohl Ursprung als auch ein Ziel besitzen.<\/span><\/p>\n<p><span style=\"font-size: 17px;\"><strong>Namen<\/strong><\/span><br \/>\n<span style=\"font-size: 17px;\">Die Motivation etwas H\u00f6heres zu verehren wird\u00a0 soziopsychologisch gern dem \u00dcberlebenskampf zugeschrieben. Tats\u00e4chlich aber hat der Mensch &#8211; unabh\u00e4ngig von seiner\u00a0 existentiellen oder sozialen Situation in allen Zivilisationsformen &#8211; schon immer der Anerkennung,\u00a0 Huldigung und Anbetung\u00a0 einer h\u00f6heren Macht gefr\u00f6nt.\u00a0 Ganz einfach deshalb, weil das Verlangen dazu in ihm eingebaut ist. Es ist einfach da, vielleicht mit unterschiedlichem Namen, aber pr\u00e4sent als universaler Antrieb der Evolution. &#8211; <a href=\"https:\/\/sebastianmiga.de\/projekte\/meditationmuenchen\/wp-content\/uploads\/2018\/04\/NamenDerUrenergie.pdf\">Eine beispielhafte Aufz\u00e4hlung finden Sie hier.<\/a><\/span><\/p>\n<p>&nbsp;<\/p>\n<p><span style=\"font-size: 17px;\"><img decoding=\"async\" class=\"aligncenter\" src=\"https:\/\/sebastianmiga.de\/projekte\/meditationmuenchen\/wp-content\/uploads\/2018\/04\/MotherFishing.jpg\" alt=\"Shri Mataji und Ihr mann beim Fischen. Manchmal h\u00e4ngt man auch am richtigen Haken.\" \/><\/span><\/p>\n<p style=\"text-align: center;\"><span style=\"font-size: 17px;\">Shri Mataji und ihr Mann beim Fischen. Manchmal h\u00e4ngt man auch am richtigen Haken.<\/span><\/p>\n<p><span style=\"font-size: 17px;\"><a href=\"https:\/\/sebastianmiga.de\/projekte\/meditationmuenchen\/warum-meditieren\/\">Zur\u00fcck zum Hauptmenue<\/a><\/span>[\/vc_column_text][\/vc_column][\/vc_row][vc_row][vc_column][\/vc_column][\/vc_row][vc_row][vc_column][\/vc_column][\/vc_row]<\/p>\n<\/div>","protected":false},"excerpt":{"rendered":"<p>[vc_row][vc_column is_sticky=&#8220;yes&#8220; sticky_min_width=&#8220;767&#8243; sticky_top=&#8220;110&#8243; sticky_bottom=&#8220;0&#8243;][vc_column_text css_animation=&#8220;fadeIn&#8220; css=&#8220;.vc_custom_1555938722513{margin-top: 0px !important;margin-right: 4px !important;margin-bottom: 0px !important;margin-left: 4px !important;border-top-width: 4px !important;border-right-width: 4px !important;border-bottom-width: 4px !important;border-left-width: 4px !important;padding-top: 15px !important;padding-right: 10px !important;padding-bottom: 5px !important;padding-left: 10px !important;background-color: rgba(255,255,255,0.75) !important;*background-color: rgb(255,255,255) !important;border-left-style: ridge !important;border-right-style: ridge !important;border-top-style: ridge !important;border-bottom-style: ridge !important;border-radius: 5px !important;}&#8220;]Machbarkeit versus Demut Seit jeher versucht er es. Philosophie und Forschergeist [&hellip;]<\/p>\n","protected":false},"author":3,"featured_media":0,"parent":641,"menu_order":0,"comment_status":"closed","ping_status":"closed","template":"","meta":{"_acf_changed":false,"footnotes":""},"class_list":["post-988","page","type-page","status-publish","hentry"],"acf":[],"_links":{"self":[{"href":"https:\/\/sebastianmiga.de\/projekte\/meditationmuenchen\/wp-json\/wp\/v2\/pages\/988","targetHints":{"allow":["GET"]}}],"collection":[{"href":"https:\/\/sebastianmiga.de\/projekte\/meditationmuenchen\/wp-json\/wp\/v2\/pages"}],"about":[{"href":"https:\/\/sebastianmiga.de\/projekte\/meditationmuenchen\/wp-json\/wp\/v2\/types\/page"}],"author":[{"embeddable":true,"href":"https:\/\/sebastianmiga.de\/projekte\/meditationmuenchen\/wp-json\/wp\/v2\/users\/3"}],"replies":[{"embeddable":true,"href":"https:\/\/sebastianmiga.de\/projekte\/meditationmuenchen\/wp-json\/wp\/v2\/comments?post=988"}],"version-history":[{"count":76,"href":"https:\/\/sebastianmiga.de\/projekte\/meditationmuenchen\/wp-json\/wp\/v2\/pages\/988\/revisions"}],"predecessor-version":[{"id":4693,"href":"https:\/\/sebastianmiga.de\/projekte\/meditationmuenchen\/wp-json\/wp\/v2\/pages\/988\/revisions\/4693"}],"up":[{"embeddable":true,"href":"https:\/\/sebastianmiga.de\/projekte\/meditationmuenchen\/wp-json\/wp\/v2\/pages\/641"}],"wp:attachment":[{"href":"https:\/\/sebastianmiga.de\/projekte\/meditationmuenchen\/wp-json\/wp\/v2\/media?parent=988"}],"curies":[{"name":"wp","href":"https:\/\/api.w.org\/{rel}","templated":true}]}}