{"id":993,"date":"2017-08-11T13:47:52","date_gmt":"2017-08-11T11:47:52","guid":{"rendered":"http:\/\/meditationmuenchen.ecommerce-trend.de\/?page_id=993"},"modified":"2019-04-28T17:41:44","modified_gmt":"2019-04-28T15:41:44","slug":"sozialkompetenz","status":"publish","type":"page","link":"https:\/\/sebastianmiga.de\/projekte\/meditationmuenchen\/warum-meditieren\/sozialkompetenz\/","title":{"rendered":"Sozialkompetenz"},"content":{"rendered":"<div class=\"wpb-content-wrapper\"><p>[vc_row][vc_column][vc_column_text css=&#8220;.vc_custom_1555939227692{margin-top: 0px !important;margin-right: 4px !important;margin-bottom: 0px !important;margin-left: 4px !important;border-top-width: 4px !important;border-right-width: 4px !important;border-bottom-width: 4px !important;border-left-width: 4px !important;padding-top: 15px !important;padding-right: 10px !important;padding-bottom: 5px !important;padding-left: 10px !important;background-color: rgba(255,255,255,0.75) !important;*background-color: rgb(255,255,255) !important;border-left-style: ridge !important;border-right-style: ridge !important;border-top-style: ridge !important;border-bottom-style: ridge !important;border-radius: 5px !important;}&#8220;]<span style=\"font-size: 17px;\"><strong><span style=\"font-size: 34px;\">S<\/span>ynergie<\/strong><\/span><br \/>\n<span style=\"font-size: 17px;\">Seit Leben existiert und evolviert ist erkennbar, das Vereinzelung letztendlich im Kollektiven aufgeht. Menschliches Leben hervorgegangen aus einer Zelle, besteht im Endzustand aus einem hochkomplexen Zellverbund von Milliarden spezialisierter Zellen, die absolut synergistisch agieren. \u00c4hnliches zeichnet sich ab auf der n\u00e4chsth\u00f6heren Organisationsebene der Sozialisation in Familien, St\u00e4mmen, V\u00f6lkern, Staaten. Nicht nur im Menschen- auch im Pflanzen- und Tierreich ist \u00e4hnliches zu beobachten.<\/span><\/p>\n<p><span style=\"font-size: 17px;\"><strong>Der Kern<\/strong><\/span><br \/>\n<span style=\"font-size: 17px;\">Warum ist das wichtig zu erkennen? Kollektivit\u00e4t ist Urantrieb allen Lebens, weil dahinter das einende Element des Atmas steht. Der g\u00f6ttliche Befehl &#8222;M\u00f6ge ich viele sein&#8220;. Alles was existiert, enth\u00e4lt diesen Kern, aber erst auf der Stufe von Leben kann dieser einheitliche Kern bewusst werden &#8211; dass wir alle dieser edlen Herkunft sind. Den Bogen zur\u00fcck zu schlagen zu seinem Erfinder, ist erst dem Menschen m\u00f6glich, was ihn an die Spitze der Evolution setzt. &#8222;Namaste&#8220;, welch sch\u00f6ne Geste ist dieser indische Gru\u00df, der ausdr\u00fcckt &#8222;Mein Atma (G\u00f6ttliches) begr\u00fc\u00dft Dein Atma&#8220;.<\/span><\/p>\n<p><span style=\"font-size: 17px;\"><strong>Kollektivit\u00e4t<\/strong><\/span><br \/>\n<span style=\"font-size: 17px;\">Das ist es letztlich, was unser Miteinander entkrampfen kann von Geiz, Gier, Konkurrenz und all den Negativ-Mantras der egoistischen Neuzeit. J\u00fcngste Forschungen zeigen eindeutig, dass sowohl im Pflanzen- wie Tierreich &#8222;Emotionales&#8220; geschieht, dass selbst Raubtiere Empathie f\u00fcr ihre Opfer empfinden. Trivial Darwinismus &#8222;Fressen und Gefressen werden&#8220; ist \u00fcberholt. Nicht von ungef\u00e4hr wird dem Kehlzentrum (Vishuddhi) des Chakrensystems das universale Prinzip Kollektivit\u00e4t zugeschrieben &#8211; sehr stimmig, denn hier haben wir auch die Organe der Kommunikation und Tatkraft.\u00a0\u00a0Stimme, Ohren, Orientierung, H\u00e4nde unterliegen dem Cervicalplexus bzw. dem Vishuddhi- Chakra. Diesem Zentrum ist auch der Raum zugeordnet &#8211; das Medium und die Dimension zugleich &#8211; die alle Sch\u00f6pfung enth\u00e4lt.<\/span><\/p>\n<p align=\"justify\"><span style=\"font-size: 17px;\"><strong>Yoga des Mitgef\u00fchls<\/strong><\/span><br \/>\n<span style=\"font-size: 17px;\">Im Kontext dieses evolution\u00e4ren Kosmos, kann Yoga sich nicht mehr ersch\u00f6pfen in individualistischer Einzelerfahrung und abgetrennter Entwicklung. Yoga, genauer spirituelles Yoga und damit Meditation mu\u00df sich \u00f6ffnen zu einer kollektiven umarmenden Bewegung f\u00fcr jedermann. Religion, Alter, Beruf, Stand, Rasse, Kaste, Geschlecht, Geld, Macht, Ruf sind bedeutungslos. Was tun? Man mu\u00df die Leute abholen, wo sie gerade sind. Es geht nicht mehr um die eigene Position, sondern das Mitnehmen des Anderen. Auch dann redet man noch aneinander vorbei, da Elementares nur von Herzen sp\u00fcrbar wird. Aber darum l\u00e4\u00dft sich bitten: \u201cShri Kundalini mache, da\u00df die Menschen nicht mein Ego, sondern nur Deine Weisheit vernehmen\u201c. Dann geschieht \u00dcberraschendes: Spontan verbindet uns eine m\u00e4chtige Energie des Mitgef\u00fchls. Sie ist nichts anderes als die Kundalin selbst. So werden Kontakte und Gespr\u00e4che zu einem Austausch von Herz zu Herz. Dann lassen sich Br\u00fccken schlagen und auch Unbequemes aussprechen. Heran w\u00e4chst eine neue Pers\u00f6nlichkeit, die Herausforderungen nicht mehr als Kampf und Egobest\u00e4tigung sieht, sondern gelassen der Vorsehung \u00fcberl\u00e4sst. Somit ist die Kundalini nicht nur individuelle, sondern wohlwollende kollektive Gestalterin.<\/span><\/p>\n<p><span style=\"font-size: 17px;\"><a href=\"https:\/\/sebastianmiga.de\/projekte\/meditationmuenchen\/warum-meditieren\/\">Zur\u00fcck zum Hauptmenue<\/a><\/span>[\/vc_column_text][\/vc_column][\/vc_row]<\/p>\n<\/div>","protected":false},"excerpt":{"rendered":"<p>[vc_row][vc_column][vc_column_text css=&#8220;.vc_custom_1555939227692{margin-top: 0px !important;margin-right: 4px !important;margin-bottom: 0px !important;margin-left: 4px !important;border-top-width: 4px !important;border-right-width: 4px !important;border-bottom-width: 4px !important;border-left-width: 4px !important;padding-top: 15px !important;padding-right: 10px !important;padding-bottom: 5px !important;padding-left: 10px !important;background-color: rgba(255,255,255,0.75) !important;*background-color: rgb(255,255,255) !important;border-left-style: ridge !important;border-right-style: ridge !important;border-top-style: ridge !important;border-bottom-style: ridge !important;border-radius: 5px !important;}&#8220;]Synergie Seit Leben existiert und evolviert ist erkennbar, das Vereinzelung letztendlich im Kollektiven aufgeht. Menschliches Leben [&hellip;]<\/p>\n","protected":false},"author":3,"featured_media":0,"parent":641,"menu_order":0,"comment_status":"closed","ping_status":"closed","template":"","meta":{"_acf_changed":false,"footnotes":""},"class_list":["post-993","page","type-page","status-publish","hentry"],"acf":[],"_links":{"self":[{"href":"https:\/\/sebastianmiga.de\/projekte\/meditationmuenchen\/wp-json\/wp\/v2\/pages\/993","targetHints":{"allow":["GET"]}}],"collection":[{"href":"https:\/\/sebastianmiga.de\/projekte\/meditationmuenchen\/wp-json\/wp\/v2\/pages"}],"about":[{"href":"https:\/\/sebastianmiga.de\/projekte\/meditationmuenchen\/wp-json\/wp\/v2\/types\/page"}],"author":[{"embeddable":true,"href":"https:\/\/sebastianmiga.de\/projekte\/meditationmuenchen\/wp-json\/wp\/v2\/users\/3"}],"replies":[{"embeddable":true,"href":"https:\/\/sebastianmiga.de\/projekte\/meditationmuenchen\/wp-json\/wp\/v2\/comments?post=993"}],"version-history":[{"count":23,"href":"https:\/\/sebastianmiga.de\/projekte\/meditationmuenchen\/wp-json\/wp\/v2\/pages\/993\/revisions"}],"predecessor-version":[{"id":4806,"href":"https:\/\/sebastianmiga.de\/projekte\/meditationmuenchen\/wp-json\/wp\/v2\/pages\/993\/revisions\/4806"}],"up":[{"embeddable":true,"href":"https:\/\/sebastianmiga.de\/projekte\/meditationmuenchen\/wp-json\/wp\/v2\/pages\/641"}],"wp:attachment":[{"href":"https:\/\/sebastianmiga.de\/projekte\/meditationmuenchen\/wp-json\/wp\/v2\/media?parent=993"}],"curies":[{"name":"wp","href":"https:\/\/api.w.org\/{rel}","templated":true}]}}